ctor of 196617216?
True
Does 4 divide 7876056?
True
Is 3609942389 a multiple of 312?
False
Is 2201 a factor of 33325341?
True
Is 287925865 a multiple of 251?
True
Does 21 divide 17716890?
False
Is 3298 a factor of 1126204338?
True
Is 274 a factor of 337075622?
True
Is 129 a factor of 9000201?
True
Does 9 divide 233062362?
True
Is 113785232 a multiple of 88?
True
Does 1488 divide 244494600?
False
Does 368 divide 37672528?
True
Is 13 a factor of 82966610?
False
Is 27 a factor of 2108480185?
False
Is 5990 a factor of 162126882?
False
Is 287115873 a multiple of 17?
True
Does 31 divide 4519707?
True
Is 1998 a factor of 38532987?
False
Does 3014 divide 102855144?
False
Does 7 divide 13272518?
True
Is 36584520 a multiple of 30?
True
Is 3 a factor of 1850473773?
True
Is 109162419 a multiple of 299?
False
Is 86 a factor of 2739472122?
True
Is 24928808 a multiple of 8?
True
Does 408 divide 83921928?
True
Is 789099681 a multiple of 2520?
False
Does 9 divide 337844961?
True
Is 197 a factor of 17786145?
True
Is 413 a factor of 50388349?
False
Does 39 divide 3421704?
True
Is 249 a factor of 25918659?
True
Is 77463030 a multiple of 15?
True
Does 1414 divide 594580672?
False
Does 95 divide 7306412?
False
Is 197 a factor of 207654351?
True
Is 298 a factor of 45795341?
False
Is 128573180 a multiple of 20?
True
Does 654 divide 129872448?
False
Is 35 a factor of 20803937?
False
Is 208 a factor of 33273344?
True
Is 685852260 a multiple of 4820?
True
Is 1166 a factor of 23107299?
False
Is 1807 a factor of 4308155503?
False
Is 2412270 a multiple of 45?
True
Is 395812830 a multiple of 19?
False
Is 559176411 a multiple of 198?
False
Is 364 a factor of 1399908328?
True
Is 9320488 a multiple of 19?
True
Is 5 a factor of 40283014?
False
Is 677550 a multiple of 3?
True
Is 15368008 a multiple of 6?
False
Is 12 a factor of 303515076?
True
Does 476 divide 201157124?
True
Is 23377104 a multiple of 201?
True
Is 22361111 a multiple of 1755?
False
Is 290590860 a multiple of 170?
True
Is 7939390 a multiple of 86?
False
Is 5300 a factor of 182722800?
True
Is 601 a factor of 85623869?
True
Is 82 a factor of 7103004?
True
Does 1136 divide 1109183584?
True
Is 186 a factor of 69746253?
False
Is 245888685 a multiple of 123?
True
Is 127 a factor of 149104223?
True
Is 91429326 a multiple of 2?
True
Is 82 a factor of 67438110?
False
Does 116 divide 42304852?
True
Is 31 a factor of 7791356?
False
Does 228 divide 354011496?
True
Is 2660 a factor of 29278620?
True
Is 331 a factor of 2018292284?
False
Is 11 a factor of 1580542106?
True
Is 1324001477 a multiple of 164?
False
Does 836 divide 14010524?
True
Does 23 divide 2984623?
False
Is 73 a factor of 2867275823?
True
Does 180 divide 3310212600?
True
Is 479 a factor of 40119176?
False
Is 42 a factor of 1417092054?
True
Is 36387885 a multiple of 2055?
True
Does 48 divide 3544512?
True
Does 61 divide 821459977?
True
Is 235138330 a multiple of 84?
False
Does 187 divide 10374905?
False
Is 6727440 a multiple of 60?
True
Is 18352333 a multiple of 82?
False
Is 69848374 a multiple of 10?
False
Is 280 a factor of 10395005?
False
Is 92282320 a multiple of 5785?
True
Is 7 a factor of 322629205?
False
Does 11 divide 209148005?
True
Is 31 a factor of 4090700449?
True
Is 11373742 a multiple of 671?
False
Does 4 divide 983286060?
True
Does 622 divide 10619984?
False
Does 36 divide 499679175?
False
Does 795 divide 276370619?
False
Is 265 a factor of 3562056?
False
Is 1020986136 a multiple of 12?
True
Is 24182145 a multiple of 31?
False
Does 483 divide 661321185?
True
Is 658454479 a multiple of 31?
False
Does 56 divide 1951659472?
True
Does 1097 divide 33800516?
False
Is 120750774 a multiple of 118?
False
Is 3 a factor of 117157240?
False
Is 10395341 a multiple of 11?
True
Is 15 a factor of 138445755?
True
Is 305 a factor of 67545605?
True
Is 283 a factor of 129340407?
False
Does 30 divide 120773880?
True
Is 9 a factor of 20288584?
False
Is 147 a factor of 157834955?
False
Is 2655332568 a multiple of 56?
True
Is 17904730 a multiple of 423?
False
Is 225610936 a multiple of 228?
False
Is 499506843 a multiple of 2453?
True
Is 833364626 a multiple of 134?
True
Is 31 a factor of 44155502?
False
Is 789468390 a multiple of 3543?
False
Does 1309 divide 4318489531?
False
Is 152607011 a multiple of 2?
False
Is 1377801912 a multiple of 289?
False
Does 1456 divide 1593669168?
True
Is 2476263009 a multiple of 149?
False
Is 371 a factor of 1400580?
False
Is 106 a factor of 81802190?
False
Does 29 divide 105381244?
True
Is 3980 a factor of 74427989?
False
Is 12 a factor of 120048108?
True
Does 19 divide 47512047?
False
Does 1364 divide 179666080?
True
Is 1578 a factor of 54153186?
False
Is 97 a factor of 448466308?
True
Does 8 divide 343043400?
True
Is 160101711 a multiple of 11?
True
Does 105 divide 1245024376?
False
Is 11463020 a multiple of 4?
True
Is 112764631 a multiple of 88?
False
Does 4 divide 340158897?
False
Does 2330 divide 3084466970?
False
Is 713937 a multiple of 97?
False
Is 412 a factor of 94454708?
True
Is 9179753 a multiple of 87?
False
Does 84 divide 83277012?
True
Does 7232 divide 1045149440?
False
Is 300 a factor of 345422325?
False
Does 202 divide 84980150?
False
Is 223 a factor of 45697606?
True
Is 10029141 a multiple of 328?
False
Is 21 a factor of 1914549?
True
Does 98 divide 44744241?
False
Is 1763 a factor of 28803894?
True
Does 7 divide 1532171179?
True
Is 233372980 a multiple of 1231?
True
Is 606 a factor of 2690343666?
True
Does 131 divide 190962654?
False
Does 195 divide 16750305?
True
Is 156 a factor of 446436003?
False
Does 36 divide 2137020552?
True
Does 40 divide 6176966?
False
Does 132 divide 752534946?
False
Is 2 a factor of 10012081?
False
Is 208 a factor of 300744738?
False
Does 194 divide 11537238?
False
Does 9 divide 56539602?
True
Is 492 a factor of 23549161?
False
Is 3 a factor of 40713?
True
Does 89 divide 7395188?
True
Does 4142 divide 2020284944?
False
Is 6845311 a multiple of 326?
False
Is 211741491 a multiple of 703?
True
Is 342 a factor of 529986114?
True
Is 2664 a factor of 1314823729?
False
Does 59 divide 9756122?
True
Is 29 a factor of 4191413?
False
Is 32534033 a multiple of 375?
False
Is 462455577 a multiple of 7474?
False
Is 3 a factor of 34250679?
True
Is 14 a factor of 366828582?
False
Does 391 divide 43697769?
True
Is 4260457 a multiple of 28?
False
Is 82 a factor of 113919877?
False
Is 17 a factor of 694975130?
True
Is 111 a factor of 407753838?
True
Does 838 divide 1430855670?
True
Is 2115344640 a multiple of 192?
True
Does 25 divide 96850136?
False
Does 31 divide 2059375203?
False
Is 2 a factor of 21126827?
False
Does 891 divide 275357936?
False
Is 36 a factor of 5769384?
False
Is 207874151 a multiple of 11?
False
Does 56 divide 12744399?
False
Is 284 a factor of 559301648?
True
Is 5375575 a multiple of 38?
False
Does 21 divide 240830604?
True
Does 4500 divide 99570357?
False
Is 1277220146 a multiple of 121?
False
Does 170 divide 213529239?
False
Is 1992185250 a multiple of 110?
True
Does 187 divide 31928567?
True
Is 37 a factor of 188226030?
True
Is 50148030 a multiple of 1843?
True
Is 636 a factor of 60379932?
True
Is 663 a factor of 1089831358?
False
Is 553 a factor of 1697114?
False
Is 638012445 a multiple of 2305?
False
Does 471 divide 42172398?
True
Is 14 a factor of 11178085?
False
Does 62 divide 22549028?
True
Is 648 a factor of 405831654?
False
Is 2477975 a multiple of 25?
True
Is 8 a factor of 7525928?
True
Does 328 divide 135973384?
True
Is 3290992 a multiple of 13?
False
Is 42 a factor of 96236437?
False
Is 71 a factor of 169917359?
False
Is 12973837 a multiple of 8?
False
Is 38679915 a multiple of 15?
True
Does 17 divide 7807510?
False
Is 269301904 a multiple of 454?
True
Is 699 a factor of 34670400?
True
Is 2041350444 a multiple of 252?
True
Does 168 divide 65856669?
False
Is 885003912 a multiple of 117?
True
Is 47065252 a multiple of 32?
False
Is 203 a factor of 102998952?
True
Is 18976205 a multiple of 168?
False
Is 3 a factor of 13093578?
True
Does 25 divide 601194310?
False
Is 59030314 a multiple of 86?
True
Is 191337727 a multiple of 2?
False
Does 1500 divide 4483001?
False
Does 19 divide 765989940?
True
Does 62 divide 34513168?
True
Is 1792400663 a multiple of 44?
False
Does 296 divide 5931